{"id":61,"date":"2011-03-15T18:53:59","date_gmt":"2011-03-15T16:53:59","guid":{"rendered":"https:\/\/www.hsksquash.fi\/?page_id=61"},"modified":"2024-11-12T13:08:16","modified_gmt":"2024-11-12T11:08:16","slug":"aikuiset","status":"publish","type":"page","link":"https:\/\/www.hsksquash.fi\/?page_id=61","title":{"rendered":"Aikuiset"},"content":{"rendered":"<p>Helsingin Squashkerho ry:n, HSK:n, kerhoillat ovat perjantaisin klo 17.00-19.00 Talihallissa, Huopalahdentie 28.<br \/>\nKerhoillat on tarkoitettu ensisijaisesti harrastajille.<\/p>\n<p>Aikuisten vuosij\u00e4senmaksu on vuonna 2024 60,00 euroa. Liitymismaksua kerho ei peri.<br \/>\nKerhoilta ja muista j\u00e4rjestetyist\u00e4 tapahtumista perit\u00e4\u00e4n erikseen osallistumismaksut. Kerhoiltamaksu j\u00e4senilt\u00e4 on 15,00 \u20ac ja ei-j\u00e4senilt\u00e4 18,00 \u20ac per pelaaja\/kerta. Maksu k\u00e4teisen\u00e4 paikan p\u00e4\u00e4ll\u00e4, MobilePayll\u00e4 tai ePassilla.<\/p>\n<p>J\u00e4seneksi ilmoittaudut l\u00e4hett\u00e4m\u00e4ll\u00e4 alla olevat tiedot s\u00e4hk\u00f6postitse osoitteeseen info(a)hsksquash.fi;<\/p>\n<p>Nimi:<br \/>\nSyntym\u00e4aika:<br \/>\nOsoite:<br \/>\nPuhelin nro:<br \/>\nS\u00e4hk\u00f6postiosoite:<\/p>\n<p>&nbsp;<\/p>\n<p><span style=\"color: #3366ff;\">Helsingfors Squashklubb rf:s, HSK:s, spelkv\u00e4llar \u00e4r fredagar kl 17.00-19.00 i Tali-hallen, Hoplaksv\u00e4gen 28.<br \/>\nDamernas klubb spelar p\u00e5 fredagar i samband med spelkv\u00e4llarna.<\/span><\/p>\n<p><span style=\"color: #3366ff;\">Medlemsavgiften f\u00f6r vuxna \u00e4r 60,00 euro \u00e5r 2020. Klubben uppb\u00e4r ingen inskrivningsavgift. F\u00f6r speltillf\u00e4llena och \u00f6vriga arrangerade tillf\u00e4llen uppb\u00e4rs deltagaravgift skilt. Spelkv\u00e4llarnas avgift \u00e4r f\u00f6r medlemmar 14,00 \u20ac och f\u00f6r icke medlemmar 17,00 \u20ac\u00a0 per spelare\/g\u00e5ng. Betalas kontant p\u00e5 plats.<br \/>\n<\/span><\/p>\n<p><span style=\"color: #3366ff;\">Anm\u00e4l dej till medlem genom att skicka nedanst\u00e5ende uppgifter per epost till info(a)hsksquash.fi:<\/span><\/p>\n<p><span style=\"color: #3366ff;\">Namn<\/span>:<br \/>\n<span style=\"color: #3366ff;\"> F\u00f6delsedatum:<\/span><br \/>\n<span style=\"color: #3366ff;\"> Adress:<\/span><br \/>\n<span style=\"color: #3366ff;\"> Telefon nr:<\/span><br \/>\n<span style=\"color: #3366ff;\"> Epost adress:<\/span><\/p>\n","protected":false},"excerpt":{"rendered":"<p>Helsingin Squashkerho ry:n, HSK:n, kerhoillat ovat perjantaisin klo 17.00-19.00 Talihallissa, Huopalahdentie 28. Kerhoillat on tarkoitettu ensisijaisesti harrastajille. Aikuisten vuosij\u00e4senmaksu on vuonna 2024 60,00 euroa. Liitymismaksua kerho ei peri. Kerhoilta ja muista j\u00e4rjestetyist\u00e4 tapahtumista perit\u00e4\u00e4n erikseen osallistumismaksut. Kerhoiltamaksu j\u00e4senilt\u00e4 on 15,00 &hellip; <a href=\"https:\/\/www.hsksquash.fi\/?page_id=61\">Lue loppuun <span class=\"meta-nav\">&rarr;<\/span><\/a><\/p>\n","protected":false},"author":2,"featured_media":0,"parent":0,"menu_order":2,"comment_status":"closed","ping_status":"closed","template":"","meta":{"footnotes":""},"class_list":["post-61","page","type-page","status-publish","hentry"],"_links":{"self":[{"href":"https:\/\/www.hsksquash.fi\/index.php?rest_route=\/wp\/v2\/pages\/61","targetHints":{"allow":["GET"]}}],"collection":[{"href":"https:\/\/www.hsksquash.fi\/index.php?rest_route=\/wp\/v2\/pages"}],"about":[{"href":"https:\/\/www.hsksquash.fi\/index.php?rest_route=\/wp\/v2\/types\/page"}],"author":[{"embeddable":true,"href":"https:\/\/www.hsksquash.fi\/index.php?rest_route=\/wp\/v2\/users\/2"}],"replies":[{"embeddable":true,"href":"https:\/\/www.hsksquash.fi\/index.php?rest_route=%2Fwp%2Fv2%2Fcomments&post=61"}],"version-history":[{"count":28,"href":"https:\/\/www.hsksquash.fi\/index.php?rest_route=\/wp\/v2\/pages\/61\/revisions"}],"predecessor-version":[{"id":3478,"href":"https:\/\/www.hsksquash.fi\/index.php?rest_route=\/wp\/v2\/pages\/61\/revisions\/3478"}],"wp:attachment":[{"href":"https:\/\/www.hsksquash.fi\/index.php?rest_route=%2Fwp%2Fv2%2Fmedia&parent=61"}],"curies":[{"name":"wp","href":"https:\/\/api.w.org\/{rel}","templated":true}]}}