{"id":1883,"date":"2016-05-25T05:52:44","date_gmt":"2016-05-25T03:52:44","guid":{"rendered":"https:\/\/www.hsksquash.fi\/?page_id=1883"},"modified":"2016-05-28T15:14:06","modified_gmt":"2016-05-28T13:14:06","slug":"kesa-2016-pelikaveri","status":"publish","type":"page","link":"https:\/\/www.hsksquash.fi\/?page_id=1883","title":{"rendered":"Kes\u00e4 2016 pelikaveri"},"content":{"rendered":"<p>T\u00e4ss\u00e4 lista pelikavereista &#8211; soita tai tekstaa. Hyvi\u00e4 pelej\u00e4!<\/p>\n<p><strong>Karjalainen, Hannu<\/strong> &#8211; 045 6700 143<br \/>\nKaikki muut ajat, paitsi 1 \u2013 15.7 olen matkoilla.<\/p>\n<p><strong>Simonen, Jari<\/strong> &#8211; 050 4279 724 \/ simonen.jari@gmail.com<br \/>\n30.5.-22.6. aikaiset aamut ja iltap\u00e4iv\u00e4t\/illat<br \/>\n4.-7.7. kaikki ajat<br \/>\n6.-11.8. aikaiset aamut ja iltap\u00e4iv\u00e4t\/illat<\/p>\n<p><strong>Toivonen, Erja<\/strong> &#8211; 0400 920058<br \/>\nMinun kohdallani kysym\u00e4ll\u00e4 vaan.<br \/>\nEi ole jaksoja joita olen varmasti poissa tai varmasti k\u00e4visi<\/p>\n<p><strong>Vallikari, Jokke<\/strong> &#8211; 040 5882 581 \/ jvallikari@yahoo.co.uk<br \/>\nMe pyrit\u00e4\u00e4n Lehtisen Timpan (ei HSK:n j\u00e4sen) jatkamaan tiistaisia vakiopelej\u00e4mme (17:30-18:30) \u00f6bt hein\u00e4kuun puoliv\u00e4liin. Jos silloin on pelihaluisia, voisi varata kaksi (tai useampia) kentt\u00e4\u00e4 ja vaihdella pelikaveria.<br \/>\nItse voisin silloin t\u00e4ll\u00f6in olla kiinnostunut pelaamaan lis\u00e4ksi to tai pe tai jopa viikonloppuinakin illansuussa.<\/p>\n<p><strong>Salminen, Riku<\/strong> &#8211; 040 5442 758<br \/>\nTarkoituksena on pelailla aina 10.7 saakka, s\u00e4\u00e4nn\u00f6llisen ep\u00e4s\u00e4\u00e4nn\u00f6llisesti. P\u00e4\u00e4sen palaamaan yleens\u00e4 parhaiten ma, ke ja su iltaisin klo 16:30 ja sen j\u00e4lkeen.<br \/>\nV\u00e4lill\u00e4 11.7 &#8211; 10.8 laitan pelikeng\u00e4t ja mailat naulaan ja 11.8 alkaen uuteen kauteen, uudella innolla.<\/p>\n<p><strong>Riutta, Jan<\/strong> &#8211; 040 824 2960<br \/>\nSquash ja racketball<br \/>\nParhaiten p\u00e4iv\u00e4ll\u00e4 tai illan viimeiset tunnit ennen hallin sulkeutumista &#8211; hein\u00e4kuun p\u00e4\u00e4s\u00e4\u00e4nt\u00f6isesti poissa<\/p>\n<p><strong>Ventoniemi, Mika<\/strong> &#8211; 050 442 8289<br \/>\nMulle sopii: Kes\u00e4kuussa keskiviikkoisin (my\u00f6s ti ja to) klo 16-19 v\u00e4lisen\u00e4 aikana.<br \/>\nMulle ei sovi: Hein\u00e4kuu. Kes\u00e4kuun viikonloput.<\/p>\n<p><strong>Oey, Sebastian<\/strong> &#8211; 0400 607371<br \/>\nMinulle sopii joka p\u00e4iv\u00e4 iltaisin ja viikonloppuisin aamusta iltaan<\/p>\n<p><strong>Nordstr\u00f6m, Tom<\/strong> &#8211; 040 5217 311<br \/>\npelit saattavat onnistua milloin vain, my\u00f6s hyvinkin p\u00e4iv\u00e4saikaan &#8211; kuitenkin aina tapauskohtaisesti<\/p>\n<p><strong>Koskisto, Osmo <\/strong>&#8211; 050 5481 608<br \/>\nolen halukas pelaamaan kes\u00e4isin satunnaisesti ti, ke ja to iltaisin (iltap\u00e4ivisin)<\/p>\n<p>&nbsp;<\/p>\n<p><span style=\"color: #ff0000;\"><em>Listan p\u00e4ivityksist\u00e4 ei erillist\u00e4 ilmoitusta,<\/em><\/span><br \/>\n<span style=\"color: #ff0000;\"><em> muutokset ym: meili osoitteeseen micke@hsksquash.fi<\/em><\/span><\/p>\n","protected":false},"excerpt":{"rendered":"<p>T\u00e4ss\u00e4 lista pelikavereista &#8211; soita tai tekstaa. Hyvi\u00e4 pelej\u00e4! Karjalainen, Hannu &#8211; 045 6700 143 Kaikki muut ajat, paitsi 1 \u2013 15.7 olen matkoilla. Simonen, Jari &#8211; 050 4279 724 \/ simonen.jari@gmail.com 30.5.-22.6. aikaiset aamut ja iltap\u00e4iv\u00e4t\/illat 4.-7.7. kaikki ajat &hellip; <a href=\"https:\/\/www.hsksquash.fi\/?page_id=1883\">Lue loppuun <span class=\"meta-nav\">&rarr;<\/span><\/a><\/p>\n","protected":false},"author":2,"featured_media":0,"parent":0,"menu_order":0,"comment_status":"closed","ping_status":"closed","template":"","meta":{"footnotes":""},"class_list":["post-1883","page","type-page","status-publish","hentry"],"_links":{"self":[{"href":"https:\/\/www.hsksquash.fi\/index.php?rest_route=\/wp\/v2\/pages\/1883","targetHints":{"allow":["GET"]}}],"collection":[{"href":"https:\/\/www.hsksquash.fi\/index.php?rest_route=\/wp\/v2\/pages"}],"about":[{"href":"https:\/\/www.hsksquash.fi\/index.php?rest_route=\/wp\/v2\/types\/page"}],"author":[{"embeddable":true,"href":"https:\/\/www.hsksquash.fi\/index.php?rest_route=\/wp\/v2\/users\/2"}],"replies":[{"embeddable":true,"href":"https:\/\/www.hsksquash.fi\/index.php?rest_route=%2Fwp%2Fv2%2Fcomments&post=1883"}],"version-history":[{"count":12,"href":"https:\/\/www.hsksquash.fi\/index.php?rest_route=\/wp\/v2\/pages\/1883\/revisions"}],"predecessor-version":[{"id":1895,"href":"https:\/\/www.hsksquash.fi\/index.php?rest_route=\/wp\/v2\/pages\/1883\/revisions\/1895"}],"wp:attachment":[{"href":"https:\/\/www.hsksquash.fi\/index.php?rest_route=%2Fwp%2Fv2%2Fmedia&parent=1883"}],"curies":[{"name":"wp","href":"https:\/\/api.w.org\/{rel}","templated":true}]}}